272. Suppose 8*r - 91 = -35. Suppose -r*s = -18*s + m. Calculate the remainder when 106 is divided by s.
10
Let k be 12/10*(-25 - -30). Calculate the remainder when -2 + 12 - (-7 - -12 - k) is divided by 2.
1
Let m = -302 + 458. Calculate the remainder when m is divided by 43.
27
Suppose 24844*t + 20592 = 24857*t. What is the remainder when t is divided by 69?
66
Let g(u) = u**3 - 4*u**2 + 4*u - 1. Let n be g(3). Let w(m) = -158*m + 23. Calculate the remainder when w(0) is divided by 2*(2 + 0) + n.
5
Suppose 10*x - 3*u = 15*x - 280, -310 = -5*x + 3*u. Suppose 4*h = -5*p + 6*h + 118, -3*p = 4*h - 50. Calculate the remainder when x is divided by p.
15
Suppose -4*h + 148 = -5*v, -2*v - 22 - 15 = -h. Let g be (2475/(-20))/(1/(-4)). Let l = g - 349. What is the remainder when l is divided by h?
35
Let f = -13090 + 13161. Calculate the remainder when 775 is divided by f.
65
Suppose -33*m - 288 = -42*m. Suppose 0 = 2*u - 4*h - m, -4*h + 105 = 5*u - 9*h. Calculate the remainder when u is divided by 19.
7
Let h be ((-18)/7)/((-129)/(-2408)). What is the remainder when (48/10)/(h/(-840)) is divided by 21?
0
Let r be 2/(-2) - (23 - 24). Let b(c) be the first derivative of c**3/3 + c**2 + 11*c - 1. Calculate the remainder when 52 is divided by b(r).
8
Suppose 18 = 2*o - o. Calculate the remainder when 3/(18 + 0) + 1*1910/60 is divided by o.
14
Suppose 91 = 2*j - 3*t, -5*j + 5*t + 0*t = -235. Calculate the remainder when j is divided by 1.
0
Let f(h) = h**2 + h - 5. Let l(j) = 2*j**2 + 4*j + 2. Let y(n) = 3*f(n) - l(n). What is the remainder when y(-9) is divided by 25?
23
Suppose d + 0 = -3*b + 4, 2*b + 3*d = 12. Suppose 3*c - 3*w + 1944 = 7*c, 4*w = b. Let j = c - 334. What is the remainder when j is divided by 31?
28
Let n(u) be the second derivative of u**4/12 - u**3/3 + 7*u**2/2 + u. Let k be n(2). Suppose -k*a + 6*a + 34 = 0. What is the remainder when a is divided by 9?
7
Let m be -4*(12/28 + 45/42). What is the remainder when 147 is divided by (-15 - 5)*(9/m - 0)?
27
Suppose 4*z - 4 = 4. Suppose g = -z - 12. What is the remainder when ((-203)/g)/(2/4) is divided by 10?
9
Suppose -56*b + 85*b = 406. Suppose 2*y - 145 = -11. Calculate the remainder when y is divided by b.
11
Suppose 3*g - 4*g - 4*s + 4 = 0, -4*g - 4*s = -16. Calculate the remainder when 39 is divided by g.
3
Let p(u) = u**2 - 93*u + 1440. What is the remainder when 238 is divided by p(74)?
0
Let a(t) = 16 + 3*t**2 + 15*t + 16 + 0*t**2 + 4. What is the remainder when a(-6) is divided by 20?
14
Suppose -37 = -13*c + 132. What is the remainder when ((-120)/18)/(26/27 - 1) is divided by c?
11
Let g(d) be the second derivative of 10*d**3/3 + d**2 - 16*d. Let l be g(-1). Let y = l - -46. Calculate the remainder when 106 is divided by y.
22
Suppose -5*u = -q + 46, -q + 18*u + 25 = 20*u. Suppose 13 = 2*l - 13. What is the remainder when q is divided by l?
5
Let v be -3 + (-12)/(-8)*4. Let h be v*26*(-18)/(-27). Suppose 9*w - h = 5*w. What is the remainder when 24 is divided by w?
11
Let p be (-432)/21*((-60)/9 - -2). Suppose 0 = -107*d + 101*d + p. What is the remainder when d is divided by (-74)/(-8) + 2/(-8)?
7
Let p = 14 - 11. Let o = p - -55. Calculate the remainder when 345 is divided by o.
55
What is the remainder when 1257 is divided by -7 + 28/168 + 1743/18 + 0?
87
Let z = 2876 - 2267. Calculate the remainder when z is divided by 17.
14
Suppose 204 = 4*g + 4*n, -12*g - 149 = -15*g - 4*n. What is the remainder when 135 is divided by g?
25
Let k(a) = -3*a**3 - 3*a**2 + 2*a - 1. Let g be k(3). Let v = -68 - g. Let q(s) = 2*s**2 - 223*s + 1665. Calculate the remainder when v is divided by q(8).
8
Suppose 2*s = -4*o - 16, 0*s + 3*o + 2 = s. Let r = s - -23. What is the remainder when 643 is divided by r?
16
Suppose -3*u + 2*u + 2*l + 9 = 0, 0 = u + l - 3. What is the remainder when ((-3)/u)/((-17)/2465) is divided by 15?
12
Suppose -13 = -3*m - j, -3*m = -4*m - 5*j + 9. Suppose b + 155 = m*b + 2*g, 0 = b - 5*g - 46. Calculate the remainder when (-6000)/(-72)*12/10 is divided by b.
49
Suppose 0 = -2*h + 2*y + 6, 2*h + 2*y + 16 = 6*h. Suppose 0 = h*s - 2 - 78. Suppose 17*k = s*k + 96. Calculate the remainder when k is divided by 11.
8
Suppose -80*b + 85*b + 40 = 0. Let m(l) = -l**3 - 11*l**2 - 25*l + 2. Let k = -6 - -25. What is the remainder when k is divided by m(b)?
9
Calculate the remainder when ((-3082)/92 - -21)*18*(-4)/10 is divided by 46.
44
Let j(w) = -2*w**2 - 5 + 16*w + 6*w**2 - w**2 - w**2. Let t be j(-11). Suppose r - t - 2 = 0. Calculate the remainder when r is divided by 13.
11
Suppose 3*g - 31 = 17. Suppose -y - 8 + g = 0. Suppose -6 = -y*s + 2. Calculate the remainder when 1 is divided by s.
0
Let b be 1/(1 + 0) + 20 + -18. Suppose -d + b*d - 10 = 0. Suppose 7*l - 103 = 4*l + n, d = n. What is the remainder when 105 is divided by l?
33
Let w = 4653 + -4558. Calculate the remainder when w is divided by 45.
5
Suppose 16*f = -2*f + 1440. Suppose 0 = p + l - 34, 4*p + 3*l - 60 = f. Calculate the remainder when p is divided by 20.
18
Let v(o) = -2*o**3 + 3*o**2 + o + 6. Suppose 5*f = -4*f. What is the remainder when 9 is divided by v(f)?
3
Suppose -13*r = -32*r + 1653. Suppose 16*v - r - 73 = 0. What is the remainder when 97 is divided by v?
7
Let w(u) = u**3 + 3*u**2 - 4*u - 1. Suppose -536*s = -540*s + 36. Suppose -s*n - 12*n = -651. Calculate the remainder when n is divided by w(-3).
9
Suppose -10*q + 3136 = -0*q + 22*q. Calculate the remainder when q is divided by 55.
43
Suppose -79 = -3*x - 7. Calculate the remainder when -15 + 671/(-16 - -27) is divided by x.
22
Let n(u) = 2*u**2 + 821*u + 5669. What is the remainder when (-1)/(-1)*(-1 + 256) is divided by n(-7)?
15
Suppose 22*d - 25*d + 30 = 3*k, 5*k - 2*d = 57. What is the remainder when 3936 is divided by k?
9
Suppose o + 4*r = 107, 524*r - 522*r + 645 = 5*o. Calculate the remainder when 430 is divided by o.
49
Let r(t) = -76*t - 59. Let b(q) = -3*q + 1. Let w(i) = -4*b(i) + r(i). What is the remainder when 253 is divided by w(-2)?
58
Let p = -33568 + 34741. Calculate the remainder when p is divided by 302.
267
Let k be 33/(-12) - 3/(-4). Let r(f) = -29*f + 3. Let a(p) = -81*p + 8. Let i(y) = -6*a(y) + 17*r(y). What is the remainder when i(k) is divided by 5?
2
Let v(q) = 7*q**2 - 77*q + 309. What is the remainder when 788 is divided by v(4)?
110
Calculate the remainder when (3015/6 + -13)*6 is divided by 196.
193
Let y = -15 - -18. Calculate the remainder when (30/60)/(1/46) is divided by y.
2
Let v = 1878 + -1869. What is the remainder when 2750 is divided by v?
5
Let y = -3656 - -4083. What is the remainder when y is divided by 33?
31
Let t(z) = -16*z**3 - 5*z**2 - 6*z - 7. Let p be t(-3). Let f = p + -388. Calculate the remainder when 16 is divided by f.
6
Let l(y) = 5*y**2 - 8*y + 96. Let c(x) = -8*x**2 + 18*x - 193. Let t(u) = 3*c(u) + 5*l(u). Calculate the remainder when t(-21) is divided by 34.
14
Let m(p) = p**3 - 33*p**2 + 73*p - 28. Calculate the remainder when m(31) is divided by 63.
61
Suppose 9*g - 713 = 592. What is the remainder when 4059 is divided by g?
144
Suppose 5*y + 4*k = 156, -6*y + k + 161 = -y. Suppose -m = -w + y, -3*m - w - 76 = w. Let d = 43 + m. Calculate the remainder when 73 is divided by d.
13
Suppose -12 = 74*d - 77*d. Suppose -18 = -d*y + 46. Calculate the remainder when 189 is divided by y.
13
Let y(j) = -2*j - 120. Let f be y(-58). Let x = -12 + 2. What is the remainder when (f/x + (-540)/(-25))*2 is divided by 8?
4
Let h(m) = 4*m**2 - m + 1. Calculate the remainder when h(5) is divided by (-620)/(-25) + 47/235.
21
Suppose -429*y + 180*y = -43824. What is the remainder when 3870 is divided by y?
174
Let c = -4838 + 4995. What is the remainder when 5023 is divided by c?
156
Let j = 24 - 74. Let a be (1 + -126)*5/j*4. Suppose 0 = 4*g - a - 2. What is the remainder when 34 is divided by g?
8
Let d(w) = -w**2 + 28*w - 77. Suppose -4*i + u = 5*u - 56, -2*u - 67 = -3*i. Calculate the remainder when d(11) is divided by i.
15
Let s(g) = g**3 - 11*g**2 - 64*g + 702. What is the remainder when 295 is divided by s(12)?
61
Let a(u) = -28*u - 202. Let p be a(-8). Suppose 7*y = -p + 1240. What is the remainder when y is divided by 16?
14
Let i = -266 + 418. Let j = -76 + i. Calculate the rema